 15?
14
Suppose 72 = 5*w + 3*c, 3*w + c - 20 = 5*c. What is the remainder when w is divided by 8?
4
Let p(h) = -10*h - 36. Calculate the remainder when p(-13) is divided by 24.
22
Calculate the remainder when (-1 - 1)*(-3)/1 is divided by 6/(3 + -2 + 2).
0
Let w(z) = z**3 - 2*z**2 + z. Suppose 3*b - 5*a - 2 = 0, 0 = -b + 3*a + 4 + 2. Let m = -4 - b. Calculate the remainder when w(2) is divided by m.
0
Suppose -97 = -2*w + 41. Suppose 24 = -5*i + w. What is the remainder when 35 is divided by i?
8
Let m(y) = y**2 + 5*y + 4. Calculate the remainder when 35 is divided by m(-5).
3
Suppose y = 1 - 3. Suppose -2*m + 126 = 5*m. Let w = m + y. Calculate the remainder when 46 is divided by w.
14
What is the remainder when -6*(-4)/(-2 + 3) is divided by 14?
10
Suppose -4*a - i = -0*i - 22, -a - 3*i = 0. Suppose f + 2*k - a = 3, -3*k + 3 = -2*f. Suppose f*l - 2*l - 14 = 0. What is the remainder when 39 is divided by l?
11
Let v be 3/(-3) + (1 - 4). Let i(b) = b**3 + 5*b**2 + 2*b - 1. Calculate the remainder when 13 is divided by i(v).
6
Let o = 11 + -9. Suppose 5*u - 2*p = p + 99, 0 = -o*p + 4. Calculate the remainder when 62 is divided by u.
20
Suppose 0 = -2*t + 6*t + 12. Suppose 20 = 2*m - 8. Let d = m + t. Calculate the remainder when 31 is divided by d.
9
Suppose -1 - 8 = -3*p - 3*r, -5*r = 2*p - 9. Suppose 0 = p*i - 43 - 17. Let x(k) = -k**2 - 10*k - 8. What is the remainder when i is divided by x(-8)?
6
Let a = -7 + 12. Suppose 0*m - 36 = -2*b + a*m, -m = 2. Suppose -v + 72 = 2*v. Calculate the remainder when v is divided by b.
11
Suppose 2*x - 2 = -k + 13, -3*x = -2*k - 40. What is the remainder when 16 is divided by x?
6
Let s be (-6)/4*20/(-6). Suppose -4 = -s*g + 46. Let l(a) = a**2 + 2*a - 6. Calculate the remainder when l(-6) is divided by g.
8
Let v = 5 + -1. Suppose -2 = -2*n + 18. Let k = n - v. What is the remainder when 16 is divided by k?
4
Let g = 7 + 6. Suppose 0 = -4*i + 3*i - 5*s + 17, -s = 3*i - 23. What is the remainder when g is divided by i?
6
Suppose 1 = 2*v + 7. Let z(b) = b**3 + 5*b**2 - 6. What is the remainder when 22 is divided by z(v)?
10
Let i be 105 + (-3 - (0 + -3)). Suppose 0 = -3*q - 2*q + i. Calculate the remainder when 41 is divided by q.
20
Suppose g - 2*v - 20 = 0, 4*g - 6*v + 2*v - 60 = 0. What is the remainder when 72/(-27)*(-54)/4 is divided by g?
6
Suppose -4*n - 11 = -3. Let b = n + 0. Calculate the remainder when (0 + 9)/((-1)/b) is divided by 10.
8
What is the remainder when 24 is divided by 2/((-4)/(-50)*5)?
4
Suppose -r + 0*r = -14. Suppose -5*o + 54 = r. Let g(a) = -2*a + 6. Calculate the remainder when g(-4) is divided by o.
6
Calculate the remainder when 3939/52 + 6/(-8) is divided by 26.
23
Suppose -s - 2*s + 6 = 0. Let p = s - -1. Suppose -5*j + p - 213 = -4*c, 4*c + 5*j - 230 = 0. Calculate the remainder when c is divided by 19.
17
Let i = -8 - -2. Let a = i - -11. Suppose -40 = -a*r + 5*t, 2*r - 15 = 4*t + 7. Calculate the remainder when 8 is divided by r.
3
Let c = 0 + 27. Let z(o) = -o**3 + 8*o + 7 - o**2 + 2*o**3 + 7*o**2 - 2*o**3. What is the remainder when c is divided by z(7)?
13
Suppose 5*v - 2*a = 134 - 21, 4*v - 87 = 5*a. Let i = -9 + 17. What is the remainder when v is divided by i?
7
Suppose -6*o = -o - 15, 4*a + 3*o = 97. Calculate the remainder when 64 is divided by a.
20
Let b = -1 - -24. Let j = b - -24. What is the remainder when j is divided by 12?
11
Let f = 16 - 11. Suppose z = 3 + 1. What is the remainder when f is divided by z?
1
Suppose -4*j - 58 = -5*h, -4*j = -h - 2 + 4. Let p(u) = 2*u**2 + 5*u - 4. Calculate the remainder when h is divided by p(-4).
6
Suppose 0 = 4*g - 6*g + 90. What is the remainder when g is divided by 16?
13
Let b = -2 + 17. Calculate the remainder when 28 is divided by b.
13
Suppose 5*s + 3 = 5*k + 18, -22 = -4*s + 2*k. What is the remainder when 39 is divided by s?
7
Let n(c) be the first derivative of -c**4/4 + 4*c**3/3 + c**2/2 + c - 3. What is the remainder when n(4) is divided by 2?
1
Let j(u) = -5*u**2 + 2*u + 2. Let b be j(4). Let h be 4/(-12) + b/6. Let n = 17 - h. Calculate the remainder when n is divided by 10.
9
Suppose 6*p + 3*u = p + 19, 4*u - 12 = 0. Suppose -4*w - 9 = 5*g, -5*w = 2*g + 4 + 3. Let o = 0 - g. What is the remainder when p is divided by o?
0
Suppose -106 = -4*w - 2*n, n + 7 - 2 = 0. Calculate the remainder when w is divided by 8.
5
Suppose 4*r + 5*z - 22 = 0, -4*r + z = r - 13. Suppose -c = o - 2*o - 15, -5*c = r*o - 115. Calculate the remainder when c is divided by 11.
9
What is the remainder when 4/(-14) + 447/21 is divided by 8?
5
Let m(z) = -z - 1. Let v(t) = -6*t**2 - t - 3. Let r(c) = m(c) - v(c). Calculate the remainder when r(2) is divided by 14.
12
What is the remainder when 34 is divided by ((-40)/(-6) - 7)/(1/(-69))?
11
Suppose -3*l - u = -66, -6*u + 14 = l - 3*u. What is the remainder when l is divided by 6?
5
Let p be 8/12*(-21)/(-2). Let b be (-8)/(-28) - (-19)/p. Suppose -b*o - 46 = -136. Calculate the remainder when o is divided by 11.
8
Let r = 36 - 25. Calculate the remainder when 2/((-2)/(-19)) - -2 is divided by r.
10
Calculate the remainder when 25 is divided by 1*7 + 6*5/15.
7
Suppose -2*j = 3*j. Suppose 2*h + h + 42 = j. Calculate the remainder when 4 is divided by 4/h - 23/(-7).
1
Let c(v) = v + 10. Let g(d) = -d**2 - 3*d - 1. Let f be g(-4). Let b = 10 + f. What is the remainder when b is divided by c(-7)?
2
Let o = 15 + 2. Let g be -1*3/3*-3. Suppose -6 = -2*b + g*d - 0*d, d + 23 = 3*b. Calculate the remainder when o is divided by b.
8
Let w(p) = p**3 + 10*p**2 + 6*p - 3. Calculate the remainder when w(-8) is divided by 26.
25
Suppose -n + 20 = 4*n. Let i be 0*(-1 - 4/(-8)). Suppose n*p = -i*p + 88. What is the remainder when p is divided by 8?
6
Suppose 0 = 3*j - 7 + 22. Let k(a) = -a**3 - 6*a**2 - 4*a - 1. Let p be k(j). Calculate the remainder when 31 is divided by p*2/4 + 14.
9
Suppose -3*h - 25 = 2*h. Let s = h - -8. Suppose -5*j = -4*q - q - 45, s*q = 4*j - 37. Calculate the remainder when 18 is divided by j.
8
Let y(o) = -8*o - 2. What is the remainder when 38 is divided by y(-3)?
16
Let o = 37 - 28. Calculate the remainder when o is divided by 6.
3
Let t = 5 + 245. What is the remainder when t is divided by 14?
12
Let j = 26 - 54. Let v be (12/14)/((-4)/j). Suppose 4*o + v = 30. Calculate the remainder when o is divided by 4.
2
Let o(f) = -f + 26. Calculate the remainder when 60 is divided by o(9).
9
Let k = -15 + 27. Suppose 3*o = u + 39, -5*u - 229 = -o + 3*o. Let c = u - -67. What is the remainder when c is divided by k?
10
Let d = -71 + 89. Calculate the remainder when 179 is divided by d.
17
Suppose 0 = 5*i - 4*r - 145, 3*i - 115 + 6 = -2*r. What is the remainder when i is divided by 7?
5
What is the remainder when 3/(-5) - 212/(-20) is divided by 4?
2
Let f(k) = 39*k**3 - 3*k**2 + 3*k - 2. Calculate the remainder when f(2) is divided by 51.
49
Suppose -374 = -5*c - 4*d, 5*c - 173 = 3*d + 194. Calculate the remainder when c is divided by 19.
17
Let f = 108 - 47. Calculate the remainder when f is divided by 22.
17
Let k = 5 + 0. Suppose -1490 = -3*y + 4*l, l + 985 = 2*y - 0*l. Calculate the remainder when 4/5*y/28 is divided by k.
4
Suppose -4*d + 25 = d. Suppose d*p + 22 = 2, -168 = -5*a + 2*p. What is the remainder when a is divided by 11?
10
Let t(g) = g**2 + 7*g + 5. Let w be t(-7). Suppose -29 = -w*m - 0*m + 3*i, -2*m + 5*i + 4 = 0. What is the remainder when 13 is divided by m?
6
Suppose -8 = -3*r + 4. Suppose -q = 3*v - 11, -r*q + 11 = -v + 2*v. Calculate the remainder when 11 is divided by v.
2
Let k be (24/15)/(2/5). Suppose i - 5*r - 26 = 0, 5*r - 104 = -k*i + r. Calculate the remainder when i is divided by 7.
5
Suppose -69 = -3*q + 4*d, 3*q + d = 10 + 44. What is the remainder when 35 is divided by q?
16
Let o = -27 + 33. What is the remainder when 15 is divided by o?
3
Suppose -12*n + 353 = -211. What is the remainder when n is divided by 18?
11
Let p(k) = k**2 + 4*k + 3. Suppose 3*z = -z + 8. Suppose 0 = -z*c + 7*c + 25. What is the remainder when 14 is divided by p(c)?
6
Let d(w) = -3 + 4*w + 4*w + w**2 + w. Calculate the remainder when 20 is divided by d(-10).
6
Calculate the remainder when (3 + -5)*(-105)/6 is divided by 26.
9
What is the remainder when 113 is divid